lculate -3 + (-11 - -9) - (-1 + -2).
-2
What is the value of 7 - -1 - (-23 - -67 - 58)?
22
What is -7 + -19 - ((5 - 3) + -11)?
-17
Calculate -13 + (21 - 11) - -2 - 2.
-3
What is -28 - ((-62 - -21) + 23)?
-10
(15 - 16) + 6 - (0 - -2)
3
What is 4 - (-5 - -4) - (26 - (22 + -13))?
-12
Calculate -17 + 6 + 17 - (10 + -1).
-3
0 + 4 + 8 - (74 + -34 - 19)
-9
(-1 - 1 - (-13 + 14)) + -11
-14
-29 + (14 - (-7 + 3) - 8 - 2)
-21
Evaluate -6 + 15 + 4 - 5.
8
Calculate -16 + 3 + 14 + (2 - 19).
-16
Calculate (-16 - 2) + 48 + -15.
15
4 + (-10 - (9 - 11))
-4
20 + (7 + -2 - (2 - -6))
17
Calculate 2 + 1 + 7 + -2 + -20.
-12
What is (-22 - -5 - -11) + (-4 - -6) - -5?
1
What is the value of -19 + 52 + -16 - 10?
7
Calculate -10 - -1 - 0 - -3 - -7.
1
-16 + (-39 + 105 - 26)
24
What is the value of (-32 + 9 - -26) + (0 - -2) + -9?
-4
What is the value of (-11 - (-10 + 14 - 0)) + 1 + -5?
-19
Evaluate -22 - (-56 - -26) - (25 + -1 + 1).
-17
What is -46 + 32 - (-3 + -3 + 4 + -4)?
-8
Calculate (0 - (4 + -1 + -25)) + 0 - 5.
17
What is -11 - (-9 - -5 - 15)?
8
Evaluate -9 + (8 - -23) - 19.
3
13 - ((-7 - -81) + -33)
-28
What is 6 + -40 - (-267 - -193)?
40
What is the value of 2 - (17 + -6) - (-2 - -4)?
-11
What is 30 - (-10 + 18) - -1?
23
What is -33 + -1 - (65 - (25 + 43))?
-31
7 + (7 - 19 - -4)
-1
Calculate 6 - 35 - 3 - (4 + -6).
-30
Calculate 8 - 19 - (-2 + -13).
4
9 - 4 - (0 + -3 + -4)
12
What is the value of 1 + 10 + (1 - 3 - -1) + 1?
11
356 + -346 - (9 + 0 + 1)
0
Calculate -23 + -11 + -11 + 17 + 17.
-11
Evaluate (0 - -9) + -15 + -1 + 5.
-2
Calculate 145 - 134 - (-1 - -11).
1
Calculate 31 + 12 + -22 + -8.
13
Calculate (-137 - -130) + -8 + -3.
-18
What is 2 + (-2 - (-12 + 9)) - 3?
0
Evaluate 32 + 3 + -413 + 361.
-17
What is the value of 0 + 12 - 1 - (64 + (-10 - 47))?
4
Calculate 5 - (11 + (10 - 12) + -1 + -2).
-1
What is the value of (112 - 44) + -58 + 0 + (2 - 2)?
10
Calculate -41 + (69 - (-30 + 45)).
13
What is the value of -2 - -5 - (108 + -91)?
-14
What is (-3 - -40) + -10 - (8 + -1)?
20
Calculate -9 + (19 - (0 - -9)) + (-21 - 1).
-21
What is -1 + -2 + 3 - (-37 - -37)?
0
What is (3 + -4 - (-1 + 0)) + (14 - 18)?
-4
What is 67 + -65 + (1 - (0 - (-11 - -1)))?
-7
What is the value of (-6 - -4) + 1 - (-4 + 5 + 0)?
-2
Evaluate ((42 - -1) + 29 + -35 - 11) + -3.
23
What is 2 - (-3 - (10 + -9)) - (-1 + -1)?
8
58 + -58 - (-11 + 2 + -3) - -5
17
Calculate -6 + 5 + (-1 - 3 - (-3 - 20)).
18
Calculate 11 + (-6 + 12 - 1).
16
Evaluate -11 + (0 - 1) + 3 + 0 + -2.
-11
-2 + (2 - 2) + -5 + (-3 - 2)
-12
What is -12 - (-3 - 3) - (2 - 10)?
2
Calculate 2 + -14 - ((-1 - 1) + -1).
-9
What is -2 + 21 + -22 - -7?
4
(3 - (-6 - 18)) + -16
11
Calculate (-27 - -4) + -23 + 33 + 42.
29
What is the value of 7 - 2 - (-7 - ((8 - 5) + -7))?
8
Calculate 4 + 0 + -8 + 7 - -21.
24
What is 58 + -94 + 3 + 15?
-18
Evaluate 13 + -8 - 11 - -20.
14
-6 + 18 + -15 - (3 - -8)
-14
What is -8 - (-5 + (8 + 5 - 10))?
-6
What is (-7 - 3) + (-9 - (-11 - (-8 - -13)))?
-3
Calculate 1 + 0 + 1 - (38 + -33).
-3
What is the value of (26 + -5 + 8 - 3 - 2) + -3?
21
Evaluate 11 - -5 - 11 - (13 - 5).
-3
Evaluate 1 + (20 - 12) + -6 - 0.
3
Calculate -2 + -12 + 14 - -2.
2
-1 - -2 - (0 - (-2 - 1)) - -4
2
What is the value of 6 + (1 - -4) - (-118 - -127)?
2
Evaluate (-21 - -4) + -1 - (2 - 12 - -12).
-20
Evaluate 5 + (4 + 13 - (-66 + 73)).
15
What is the value of ((11 - 4) + -2 - -5) + -20 + -11?
-21
What is the value of 4 - (17 - (-10 - -7 - -7))?
-9
(2 - -20) + -42 + 1
-19
What is the value of (-6 - -1) + (10 - -3 - 25)?
-17
What is the value of 4 + -10 + -12 + 19?
1
Calculate (8 + -1 - 4) + (4 - -2) + -9.
0
9 - (-12 - 0) - 13
8
What is the value of 21 - (1 + -8) - 62?
-34
What is 1 + (6 - 15) - -14?
6
What is 0 + (8 - (-2 + 13 + -16 + 21))?
-8
Evaluate -10 + (-7 - (-7 - 5)).
-5
Calculate 28 - (18 + (2 - 1)) - (1 + -9).
17
What is -16 - -14 - (5 + 2 - 1)?
-8
Evaluate 40 - (20 + 12 + -1 + (-31 - -10)).
30
Evaluate -22 + -3 - -16 - (1 - -3).
-13
Evaluate -14 - -19 - 3 - (0 + -1 - 0).
3
Calculate -11 + -2 + (-2 - (13 + -18 - 3)).
-7
What is 18 - -2 - (-29 - -48)?
1
Calculate 7 + -1 - (57 - 69).
18
What is 5 + (3 - -4) + (3 - 2)?
13
Evaluate -1 + 6 + -292 + 297.
10
What is (31 - 37) + (14 - (-1 - -1 - 3))?
11
Evaluate 11 + 1 + 3 - -4.
19
What is the value of (26 - 81) + 30 - -16?
-9
What is the value of 31 + -22 - (-9 - 0)?
18
What is the value of -22 + 1 + (-5 - (-10 + -17) - 20)?
-19
Calculate (-3 - -1) + 9 + (-18 - 3) + 21.
7
-6 + 3 + (10 - 6)
1
Calculate (29 - 1) + 84 + -106.
6
Evaluate 8 + -6 + 1 + 3 + 0.
6
What is 1 + -1 + -7 + 88 + -68?
13
Evaluate 22 - 33 - (1 + -7).
-5
What is the value of (-6 - -3) + -11 - (-273 + 267)?
-8
What is -6 + -1 - -8 - 2 - -1?
0
Calculate -20 - (19 - (-11 + 25)).
-25
What is (-4 - 8) + (0 - -12)?
0
Calculate -3 + (-3 + 0 - 5) - (-4 + 22).
-29
Evaluate -43 + 11 + 55 - 38.
-15
What is the value of (11 - (6 + 11)) + (2 - -7) + 3?
6
What is -41 - (28 - 22 - 58)?
11
Evaluate 8 - (0 + -6) - 12.
2
What is the value of 7 + -1 - (45 - (32 + 14))?
7
Calculate -5 + (-2 + 0 - -5 - 2).
-4
Calculate (5 + -5 - (-4 - -5)) + 2.
1
What is the value of (0 - 43) + 3 + 42?
2
Evaluate 2 - -12 - (-23 + 8 + 16).
13
Calculate -21 + (39 - 15) - (-18 + -3).
24
What is 17 - 2 - (-259 - -266)?
8
(25 - 5) + -20 + 5 + -29
-24
What is 19 - 23 - (20 - 13)?
-11
Evaluate 8 + 0 + 1 - (-1562 - -1581).
-10
Calculate -13 + 11 + -6 - (5 + -3) - 6.
-16
What is (41 + -48 - (1 + 0)) + 1?
-7
(-7 - -1) + -6 - -21
9
What is (-8 - -2) + -5 + 4 + 6 + 2?
1
What is 11 + -38 - (-14 + -8)?
-5
-78 + 31 - (0 - 10) - -7
-30
(1 + -5 - (-21 + 8)) + 2 + 0
11
What is -20 - (1 - 14) - 17 - (7 + -2)?
-29
What is (63 - 124) + (42 - 13)?
-32
-9 + 11 + 9 + -9 + (1 - -2)
5
-16 - (-6 + -4 + 9)
-15
Evaluate (6 - 4) + 101 + -115.
-12
What is -6 + (-8 + 6 + 1 - 2)?
-9
What is -6 + -7 + 4 - (-1 - -7)?
-15
What is the value of -36 + -1 + -32 + -23 + 75?
-17
Evaluate (0 - 4) + 3 + (-52 - -72).
19
-3 - ((0 - 15) + -2)
14
18 - (12 - (33 + -34 + 0 + 17))
22
What is the value of -18 - (-36 - (22 + -44))?
-4
Evaluate (10 - 3 - (3 + 1)) + 11 + -21.
-7
Evaluate -6 + (19 - 22 - 0) + (5 - 0).
-4
What is the value of -3 - (19 - 34 - (-1 + -31))?
-20
What is the value of 173 + -194 - (2 + -1 + 1 + 0)?
-23
Calculate -1 + -5 + (7 - 20) + 10 + 2.
-7
Evaluate (-8 - -9) + (9 - 2) - 2.
6
What is -10 - (6 + -16 + (-2 - -8))?
-6
(-41 - -1 - 1) + (30 - (27 + -2))
-36
Calculate (56 - 53) + -1 + 0 + 8 + 3.
13
Calculate 60 + -60 + (7 - -4).
11
21 + -1 + (-8 - 5) + 15
22
What is the value of 27 - (54 - (22 + -2))?
-7
Evaluate -11 - -4 - (-5 - -2).
-4
(-4 + 5 - -9) + 3 + -3 + -2
8
Calculate 2 - ((-8 - -24) + -4) - (2 - 3).
-9
(-3 - -1) + (317 - 302)
13
What is -35 + 0 + -26 + 47 + -7 + -7?
-28
What is -4 - -17 - (79 + -70)?
4
What is 1 + -2 + 12 + -21?
-10
Calculate (-1 - -23) + 2 + -1 + -3.
20
Evaluate (-6 - (3 - 4)) + 9 - (22 + -7).
-11
What is (21 + -36 - -18) + -1 + -1 - -5?
6
Calculate -14 + (10 - (-3 + 4)) + -9.
-14
(-284 - -268) + (-4 - -11)
-9
-9 - ((9 - 0) + -22 + 7 + -1)
-2
Calculate 3 + 4 - -10 - 12.
5
21 - (-17 + 19 + 40)
-21
What is (-11 - (-18 + 5)) + -3 - (18 - 1)?
-18
What is the value of 14 + -3 + (-7 - (10 - 15 - 1))?
10
Evaluate 8 - (-2 - (12 - 18)).
4
What is the value of 12 + -8 + 5 + -3 + (8 - 7)?
7
Evaluate 1 + 16 + -27 - 8.
-18
What is -4 - (-5 + 1 + 2) - (10 - 0)?
-12
Calculate 16 + -4 - (-16 + 3 + 8).
17
Calculate -22 + 20 + 5 + 12.
15
Evaluate -11 - 0 - (-85 - (14 - 71)).
17
Evaluate 24 - (-27 + 80 - 15).
-14
Calculate 2 + (-1 - (-1 - 1)) + (86 - 85).
4
What is (-4 - 9 - (-53 - -45)) + 42?
37
Calculate -15 + (11 - -13) + (-13 - -7).
3
What is the value of -7 + (-3 + 0 - (26 + -32))?
-4
Evaluate 9 + 22 - (-10 + 15).
26
What is the value of 7 + -4 + 12 + -11 - 25?
-21
What is -459 + 478 - (3 - (1 + (2 - -2)))?
21
(-19 + 31 - -6) + -24
-6
Calculate -7 - 6 - (7 - (-18 + 53)).
15
Calculate -524 + 493 - (-18 - 1).
-12
Evaluate 25 + (3 - -22) + -28.
22
What is the value of -39 + 10 - -33 - (32 - 2)?
-26
What is -9 + 3 + (3 - 3) + 4?
-2
What is the value of -25 + 17 + -17 + 24?
-1
Calculate (6 - -15) + (-31 - -11 - -12).
13
-6 - (-13 + 6) - -7 - (4 - -4)
0
Calculate -10 - (-8 + -20 + 13).
5
4 + (6 - (6 - 5)) - (20 + 5)
-16
-2 + 5 + 5 + 1 + (-12 - 1)
-4
Calculate 23 + (9 - (18 - 2)).